8 - y. Suppose o*c = -2*c + 20. What is the tens digit of c?
1
Suppose 2*x - 28 = -5*c, -4*c + c + 16 = x. Suppose 2*v + 2*m = 12, -x*v + 5*m + 0 = 12. Suppose -2*j = v*j - 32. What is the units digit of j?
8
Let d = -51 + 71. What is the tens digit of d?
2
Let h(x) = -x**2 - 7*x + 3. What is the units digit of h(-6)?
9
Let v(k) = -k**2 + 2*k + 2. Let f be v(3). What is the units digit of (-1 - 1) + 5 + f?
2
Let h(z) = 6*z - 3. Let g(x) be the third derivative of x**4/4 - 2*x**3/3 + 2*x**2. Let c(i) = -2*g(i) + 3*h(i). What is the units digit of c(2)?
1
Suppose 6*u = 9*u - 6. Suppose -u*b - 2*q + 92 = 0, -b - q + 175 = 3*b. What is the tens digit of b?
4
Let l = 78 - 52. What is the tens digit of l?
2
Suppose 2*b + 4 = b. Let v = -10 - b. Let h = -2 - v. What is the units digit of h?
4
Let x(f) = f**2 + 3*f - 7. Let g be x(-5). Let u(i) = i**3 + 7*i**2 + 4*i - 3. Let p be u(-5). What is the units digit of ((-4)/g)/((-6)/p)?
6
Let l = 6 - 13. Let g = l + 11. What is the units digit of g?
4
Let t be (-85)/15 + (-1)/3. Let l(y) = y - 1. Let a be l(1). What is the units digit of (t - a)*1/(-2)?
3
Suppose d = 24 - 6. What is the units digit of d?
8
Suppose 0 = 4*s - 0*o - o - 119, 2*s - 4*o = 56. What is the units digit of s?
0
Let f = -92 - -150. What is the tens digit of f?
5
Suppose 5*d + 85 = 10. Let s be (-10)/d*(-6)/4. What is the units digit of (-6)/(15/(-6) - s)?
4
Suppose -z - 2*v - 4 = 0, 3*z + 5*v + 10 = 5*z. Let t be (-6)/(1/((-6)/9)). Suppose z*j + 46 = 3*w - t*j, -5*w = -5*j - 75. What is the tens digit of w?
1
Suppose -c + 2*c + 2*d = 218, 5*d = c - 218. What is the hundreds digit of c?
2
Let l(f) = -f - 5. What is the units digit of l(-13)?
8
Let q be ((-5)/(-3))/((-1)/(-3)). Suppose 3*p + 26 = 4*u, 16 = q*u - p - 11. Suppose u*r + 5*l = 55, -r + 6*r - 5*l = 75. What is the units digit of r?
3
Let m = -123 + 181. What is the tens digit of m?
5
What is the tens digit of (-1 + 0 + -51)*-1?
5
Suppose 13 = 3*s - 2. Suppose 62 = 4*j + 2*z, s*z = -3*j + 20 + 44. What is the units digit of j?
3
Let m(p) be the first derivative of p**3 - p - 1. Let n be m(-1). Let y = 6 - n. What is the units digit of y?
4
Suppose 0*a + 4*a + 4*c = -4, -a + 5 = -5*c. Suppose -3 = -w - a. Suppose -w*u = -7*u + 40. What is the units digit of u?
0
Let b(y) = -y**2 + 14*y + 4. Let o be b(11). Let u = o + -17. What is the units digit of u?
0
Let v(q) = -q**2 + 5*q + 2. Let p be v(5). Suppose p*c = -4*t - 4, 4*t + 34 = 3*c - 0*c. What is the units digit of c?
6
Suppose l = -s + 5, 0*l + l = -5*s + 13. Suppose 0 = -f + s + 1. Suppose -u = -4*u + f. What is the units digit of u?
1
Let v be 68/(-5) + 15/25. Let x = v - -7. Let d = x - -11. What is the units digit of d?
5
Let m = 30 - -13. Let x = -31 + m. What is the tens digit of x?
1
What is the tens digit of (-3)/(237/605 + (-24)/60)?
6
Suppose -2*o - 2 = 0, l - 3 = -0*o + o. Suppose l*c = 5*c. Suppose c = 5*x - 2*n - 40, 0 = x - 0*x - 4*n - 26. What is the units digit of x?
6
Let l = 646 + -383. What is the units digit of l?
3
Suppose 3 = 4*o - 5. What is the units digit of o?
2
What is the units digit of 6/4 + 6*(-132)/(-16)?
1
Suppose 5 = 5*n - 5. Suppose n*f + 2*k + 16 = 4*f, 5*f - 36 = k. What is the units digit of f?
7
Let l be 3 + (3 - 0)/3. Let m be l/12 + 16/6. Suppose -r = 3*u, 4*u - 3 = -2*r + m. What is the units digit of r?
9
Suppose 3*c + 3 = 2*z - 0*c, -5*z = 4*c + 4. Suppose 6*l - 62 - 148 = z. What is the tens digit of l?
3
Suppose -5*x = -x + 5*s - 168, 168 = 4*x - 3*s. What is the tens digit of x?
4
Suppose -487 = -7*u + 444. What is the tens digit of u?
3
Suppose 3*w - 65 + 8 = 0. Let g = 27 + -25. Suppose -2*i - g = 4*r - 30, i - w = -3*r. What is the units digit of r?
5
Let t(k) = -4*k**3 - 6*k**2 + 6*k + 1. Let n be t(-6). Let a = 158 - n. What is the units digit of 2/(-7) - a/49?
9
Suppose 648 = w + 5*w. What is the units digit of w?
8
What is the units digit of 1/(-3) - (-376)/12?
1
Let b be -4 - (-11)/(11/18). What is the tens digit of (-4)/b - 360/(-35)?
1
Let b(k) = 14*k**2 - 15*k - 1. Let c(y) = -5*y**2 + 5*y. Let j(f) = -6*b(f) - 17*c(f). What is the tens digit of j(-6)?
1
Let z = 12 + -8. Let g = z + 8. What is the tens digit of g?
1
Let x be 8/(-36) - (-227)/9. Let v = 2 + -2. Suppose -x = -5*y - v*y. What is the units digit of y?
5
Let b be 166/1*11/22. Suppose 25 = -2*j + b. What is the units digit of j?
9
Let i be (-5 + 4)*-2 + -6. What is the units digit of i*4/16*-3?
3
Let k(d) = d**3 - 3*d**2 + d + 2. Let s = 1 + 6. Let t = -4 + s. What is the units digit of k(t)?
5
Let r(b) = -b**2 + 6*b + 3. Let q(w) = -w. Let j be q(-5). What is the units digit of r(j)?
8
Let d be 2/4 + 11/2. Suppose 0 = d*u - 4*u. Let j = 3 + u. What is the units digit of j?
3
Let p(a) be the first derivative of a**2 + 6*a + 1. Let m be p(7). Suppose m = 3*d + 2. What is the units digit of d?
6
What is the tens digit of ((-16)/(-20))/((-2)/(-60))?
2
Let q = 8 + -4. Suppose 2*y - q*l = 0, 5*l - 6*l = -y + 1. Suppose -4*v + 32 + 12 = -4*i, -y*v - i = -10. What is the units digit of v?
7
What is the tens digit of 54 + (3 + -6 - -2)?
5
Suppose 10 = 4*v + 2*n - 136, -5*v + 2*n = -178. What is the tens digit of v?
3
Let v be ((-75)/(-45))/(10/36). Let s(n) be the third derivative of n**6/120 - n**5/10 + n**4/12 - 5*n**3/6 - n**2. What is the units digit of s(v)?
7
Let f = 158 - 113. Suppose -2*k = 2, -3*d + 2*k + 2 + f = 0. What is the units digit of d?
5
Suppose 5*n + 2*o = 325, 4*n + 2*o - 69 = 193. What is the tens digit of n?
6
Let f be 11/3 - 4/(-12). Suppose 0*m = 2*m. Suppose m*r + f = 2*r. What is the units digit of r?
2
Let b = 2 + -1. Suppose 4*i - 93 = -b. What is the units digit of i?
3
Suppose 4*o = -f + 9, 3*f - 1 = 5*o - 8. Let n be 6/(-1) - f - -1. What is the units digit of (-10)/(-3)*n/(-5)?
4
Let j(y) = y**2 + 1. Let b be j(-2). Suppose -b*n - 26 - 89 = -5*c, c - 26 = 2*n. What is the tens digit of c?
2
Suppose 0*s + 2*s - 50 = -i, -3*s = i - 55. Let v = 59 - i. What is the tens digit of v?
1
Suppose -5*c = 91 - 426. What is the units digit of c?
7
Suppose 4*d + t - 9 - 20 = 0, 4*d = t + 19. Let z = -4 + d. What is the units digit of z?
2
Let l(y) = y + 2. Let u be l(0). Suppose u*h = -2*h + 24. What is the tens digit of 10 + -3*(-2)/h?
1
Let g(d) = d**3 + 16*d**2 - 16*d + 22. Let b be g(-17). Suppose b*i - 155 = -5*z, -3*z + 122 = z + 5*i. What is the tens digit of z?
3
Suppose 3*v - 20 = -5*b, -10 = 3*v - b - 42. Suppose -m - v = -2*m. What is the units digit of m?
0
Let d(g) = g**2 - 3*g - 3. Let n(l) = 0 + 12 + 0*l - l. Let h be n(8). What is the units digit of d(h)?
1
Suppose 2*w = -3*t, -5*t + w + 22 = -3*w. Suppose 0*l + t*l - 20 = 0. What is the tens digit of l?
1
Suppose 27 = 2*w - p - 88, -2*w + 121 = 5*p. What is the tens digit of w?
5
Let z(u) = -4*u - 2. What is the units digit of z(-3)?
0
Let p(n) = -2*n**3 - 3*n**2 + 6*n + 3. What is the tens digit of p(-4)?
5
What is the tens digit of (-34)/4*(4 + -6)?
1
Let d(g) = 3*g - 2. What is the tens digit of d(10)?
2
Suppose 4*i - 134 = 86. What is the tens digit of i?
5
Suppose 4*j - 12 = 132. Let u = 3 + 2. Suppose -u*d + 5*f - 6 + j = 0, -6 = -d - f. What is the units digit of d?
6
Let s be ((-4)/(-14))/((-1)/(-14)). Suppose -94 + 18 = -s*k. What is the units digit of k?
9
Let f(h) = 12*h - 41. What is the units digit of f(10)?
9
Let b(g) = -2*g + 2. Suppose -z + 2*z = -5*r - 46, -5*r + 3*z = 62. Let v = r + 6. What is the tens digit of b(v)?
1
Suppose -3*g = -2*g - 185. Suppose -6*u = -u + g. Let v = -26 - u. What is the units digit of v?
1
Suppose 3*n - 31 = j - 3*j, 2*j + 5*n - 29 = 0. What is the tens digit of j?
1
Suppose -5*z + 2*z = 0. Suppose -4*w + z*w + 188 = 4*n, 241 = 5*n + 2*w. What is the units digit of n?
9
Let r be (5 + -2)/3*3. Let l be 1/(-3) - (-85)/r. Suppose l = 4*n + 5*v - 12, v + 6 = 2*n. What is the units digit of n?
5
Let x be 1/(34/(-12) - -3). Let q be 2/3 + 58/3. Suppose x*g - q = g. What is the units digit of g?
4
Let y(n) = -n**3 + 2*n**2 - 3. Let w be y(-3). Suppose -5*m = 2*a - 12 - 113, -m + 3*a = -w. What is the units digit of m?
7
Let t be (-2)/(-9) + (-518)/63. Let i be -1*2 - t/(-8). What is the units digit of 21 + 3/(0 - i)?
2
Suppose 5*j = 3*j + 2*p + 4, -5*p = 3*j - 22. Let v(k) = k**2 - 